{"id":66,"date":"2018-12-09T20:06:06","date_gmt":"2018-12-09T20:06:06","guid":{"rendered":"https:\/\/gm2019.de\/gm2019\/?page_id=66"},"modified":"2019-04-11T14:42:39","modified_gmt":"2019-04-11T14:42:39","slug":"uebernachtung","status":"publish","type":"page","link":"https:\/\/gm2019.de\/gm2019\/?page_id=66","title":{"rendered":"\u00dcbernachtung"},"content":{"rendered":"\n<p>In dem Zeitraum vom 31.05.2019 bis 01.06.2019 steht f\u00fcr Sportler und Betreuer ein verg\u00fcnstigtes Kontingent an Doppel &#8211; &amp; Einzelzimmern in unseren Partnerhotels f\u00fcr Sie zu Verf\u00fcgung.<\/p>\n\n\n\n<p>Bitte geben Sie hierf\u00fcr im Betreff der Reservierungsanfrage \u201e<em><strong>Ringen German Masters in Ehningen<\/strong><\/em>\u201c an. <\/p>\n\n\n\n<p><\/p>\n\n\n\n<p><strong>Feckl\u2018s Apart Hotel<\/strong> &#8211; in Ehningen<br>Entfernung zur Halle: 0,3 km<br>Web: <a rel=\"noreferrer noopener\" aria-label=\" (\u00f6ffnet in neuem Tab)\" href=\"https:\/\/www.landhausfeckl.de\/de\/hotel-apart.html\" target=\"_blank\">https:\/\/www.landhausfeckl.de\/de\/hotel-apart.html<\/a> \ud83d\udd17<br>Mail: info@landhausfeckl.de<\/p>\n\n\n\n<p><strong>Hotel Kerzenst\u00fcble<\/strong> &#8211; in G\u00e4rtringen<br>Entfernung zur Halle: 4,0 km<br> Web: <a rel=\"noreferrer noopener\" aria-label=\" (\u00f6ffnet in neuem Tab)\" href=\"https:\/\/www.kerzenstueble.de\/\" target=\"_blank\">https:\/\/www.kerzenstueble.de\/<\/a> \ud83d\udd17<br> Mail: info@kerzenstueble.de<\/p>\n\n\n\n<p><strong>Hotel B\u00e4ren\u00a0<\/strong>&#8211; in G\u00e4rtringen<br>Entfernung zur Halle: 4,5 km<br>Web: <a rel=\"noreferrer noopener\" aria-label=\"https:\/\/www.hotel-baeren-gaertringen.de\/ (\u00f6ffnet in neuem Tab)\" href=\"https:\/\/www.hotel-baeren-gaertringen.de\/\" target=\"_blank\">https:\/\/www.hotel-baeren-gaertringen.de\/<\/a> \ud83d\udd17<br>Mail: info@hotel-baeren-gaertringen.de<\/p>\n","protected":false},"excerpt":{"rendered":"<p>In dem Zeitraum vom 31.05.2019 bis 01.06.2019 steht f\u00fcr Sportler und Betreuer ein verg\u00fcnstigtes Kontingent an Doppel &#8211; &amp; Einzelzimmern in unseren Partnerhotels f\u00fcr Sie zu Verf\u00fcgung. Bitte geben Sie hierf\u00fcr im Betreff der Reservierungsanfrage \u201eRingen German Masters in Ehningen\u201c an. Feckl\u2018s Apart Hotel &#8211; in EhningenEntfernung zur Halle: 0,3 kmWeb: https:\/\/www.landhausfeckl.de\/de\/hotel-apart.html \ud83d\udd17Mail: info@landhausfeckl.de Hotel &hellip; <\/p>\n<p class=\"link-more\"><a href=\"https:\/\/gm2019.de\/gm2019\/?page_id=66\" class=\"more-link\"><span class=\"screen-reader-text\">\u201e\u00dcbernachtung\u201c<\/span> weiterlesen<\/a><\/p>\n","protected":false},"author":1,"featured_media":0,"parent":0,"menu_order":0,"comment_status":"closed","ping_status":"closed","template":"","meta":[],"_links":{"self":[{"href":"https:\/\/gm2019.de\/gm2019\/index.php?rest_route=\/wp\/v2\/pages\/66"}],"collection":[{"href":"https:\/\/gm2019.de\/gm2019\/index.php?rest_route=\/wp\/v2\/pages"}],"about":[{"href":"https:\/\/gm2019.de\/gm2019\/index.php?rest_route=\/wp\/v2\/types\/page"}],"author":[{"embeddable":true,"href":"https:\/\/gm2019.de\/gm2019\/index.php?rest_route=\/wp\/v2\/users\/1"}],"replies":[{"embeddable":true,"href":"https:\/\/gm2019.de\/gm2019\/index.php?rest_route=%2Fwp%2Fv2%2Fcomments&post=66"}],"version-history":[{"count":9,"href":"https:\/\/gm2019.de\/gm2019\/index.php?rest_route=\/wp\/v2\/pages\/66\/revisions"}],"predecessor-version":[{"id":190,"href":"https:\/\/gm2019.de\/gm2019\/index.php?rest_route=\/wp\/v2\/pages\/66\/revisions\/190"}],"wp:attachment":[{"href":"https:\/\/gm2019.de\/gm2019\/index.php?rest_route=%2Fwp%2Fv2%2Fmedia&parent=66"}],"curies":[{"name":"wp","href":"https:\/\/api.w.org\/{rel}","templated":true}]}}